s -1000010100100 - -101100001?
-111101000011
In base 8, what is -1170416 - -24?
-1170372
In base 3, what is 1002002120020 + 1?
1002002120021
In base 12, what is -b98 - -567?
-631
In base 11, what is 348 + 1459?
17a6
In base 12, what is -26b6 + 0?
-26b6
In base 6, what is -5 - -51322?
51313
In base 4, what is 1 - 312331?
-312330
In base 3, what is -12102 - -10101011?
10011202
In base 15, what is 2a - -106?
131
In base 8, what is 3 + -6055?
-6052
In base 11, what is 2 - -47238?
4723a
In base 16, what is -1 - -1e16b?
1e16a
In base 3, what is 2111122000 + -12?
2111121211
In base 16, what is 29b + -1046?
-dab
In base 3, what is -11 + 1112020102011?
1112020102000
In base 10, what is 2 - 8446?
-8444
In base 4, what is -10033013 + 1?
-10033012
In base 10, what is 10595 - -3?
10598
In base 11, what is -16 + -614a?
-6165
In base 6, what is -204 + -5100?
-5304
In base 3, what is -21 - 221120110?
-221120201
In base 9, what is 54 + 861?
1025
In base 13, what is 4 - c7444?
-c7440
In base 12, what is -46 + -b11?
-b57
In base 14, what is -31706 - -2?
-31704
In base 4, what is 13110313 - -3?
13110322
In base 12, what is 579b - -3?
57a2
In base 5, what is 10 - -341142033?
341142043
In base 8, what is -31437 + -4?
-31443
In base 15, what is 5 + -1032e3?
-1032dd
In base 11, what is -90358 + 13?
-90345
In base 7, what is -635063 + 55?
-635005
In base 16, what is -c1157 + -3?
-c115a
In base 12, what is -200a + -24?
-2032
In base 16, what is -6628 - -3?
-6625
In base 7, what is 5 - -30342?
30350
In base 2, what is -1110111010110101010 + 1?
-1110111010110101001
In base 3, what is -2212212121102 - 1?
-2212212121110
In base 11, what is 94 + -142?
-59
In base 2, what is -11110100000110 - -101?
-11110100000001
In base 2, what is 10000011010 + -1000100110?
111110100
In base 14, what is 25aba6 - -2?
25aba8
In base 12, what is -77 + -1469?
-1524
In base 15, what is 12c3 + -13?
12b0
In base 6, what is -2 - -354330?
354324
In base 14, what is -3 + -3768?
-376b
In base 5, what is -3 + -104343224?
-104343232
In base 16, what is e + 17f2?
1800
In base 12, what is 5 + 21b579?
21b582
In base 15, what is -104 - 358?
-45c
In base 14, what is 98 - -380?
438
In base 10, what is -1366 - 29?
-1395
In base 10, what is -4 + 141831?
141827
In base 6, what is 1354 + -41231?
-35433
In base 13, what is 3269a - 2?
32698
In base 4, what is 121322023 - 1?
121322022
In base 11, what is -3191580 + -1?
-3191581
In base 3, what is 10 - -101010012211?
101010012221
In base 12, what is 1673 + 9?
1680
In base 2, what is -1010111011000 - -11?
-1010111010101
In base 12, what is -96 - -174?
9a
In base 10, what is 181 - 142?
39
In base 3, what is 1012 + 21000?
22012
In base 16, what is 28 + -8b?
-63
In base 5, what is 1 - -13432310?
13432311
In base 7, what is 4 + -133412?
-133405
In base 7, what is 3 + 1223641?
1223644
In base 10, what is -34135 - -4?
-34131
In base 6, what is -3 + 133404?
133401
In base 12, what is -13028 - 0?
-13028
In base 7, what is -13 - -315420?
315404
In base 8, what is -125355 - -5?
-125350
In base 12, what is -11326 + 5?
-11321
In base 11, what is 118167 + -13?
118154
In base 13, what is 4 + 110750?
110754
In base 7, what is -121 + -4560?
-5011
In base 10, what is 929 - -21?
950
In base 14, what is 82b - 4?
827
In base 2, what is 101 + -1000010001000000110010?
-1000010001000000101101
In base 3, what is -1101110 - -2111202?
1010022
In base 2, what is 1010011000110000011101 - -1?
1010011000110000011110
In base 8, what is 4 + -2236324?
-2236320
In base 16, what is ded - 4?
de9
In base 14, what is -100241 - -6?
-100239
In base 11, what is 22 - -4816?
4838
In base 6, what is -410402 - -220?
-410142
In base 2, what is 101001110100110 - -1110?
101001110110100
In base 8, what is 0 - -2251202?
2251202
In base 9, what is 0 + 12863?
12863
In base 9, what is -351 - -714?
353
In base 12, what is 3 - -559a?
55a1
In base 16, what is 1b8f35 + 5?
1b8f3a
In base 14, what is 1086 - 12?
1074
In base 11, what is 1792a + 9?
17938
In base 12, what is a769 + 18?
a785
In base 11, what is -a24 + 118?
-907
In base 4, what is 1330 - -112330?
120320
In base 13, what is 7a90 - 5?
7a88
In base 8, what is -4 - 103670?
-103674
In base 10, what is 8295 - -3?
8298
In base 7, what is 440015 + -2?
440013
In base 16, what is 1 + 261?
262
In base 9, what is 35 + -10161?
-10125
In base 13, what is 35cc + 3?
3602
In base 2, what is -11 - 100111100110100000?
-100111100110100011
In base 8, what is -17514 + 15?
-17477
In base 13, what is -248a2 - 0?
-248a2
In base 7, what is -20 - -1511200?
1511150
In base 11, what is -68 + 57?
-11
In base 10, what is -85969 - 4?
-85973
In base 15, what is -87d7 - 3?
-87da
In base 12, what is -83 + -6922?
-69a5
In base 4, what is -1001201 - -12?
-1001123
In base 15, what is 1c - 2501?
-24d4
In base 6, what is -2024352 + -11?
-2024403
In base 3, what is -120 + 2201020201?
2201020011
In base 13, what is -5b0 - 20c?
-7bc
In base 2, what is -111110111111011 + -100?
-111110111111111
In base 7, what is 663 + -622?
41
In base 11, what is 4 + 273396?
27339a
In base 13, what is -1194 - 20?
-11b4
In base 16, what is -4e5232 - 1?
-4e5233
In base 11, what is -155 + -115a?
-1304
In base 4, what is -20002013 + -3?
-20002022
In base 7, what is -51563 - -1?
-51562
In base 2, what is 10011110011000 + 11?
10011110011011
In base 7, what is -25146 + -15?
-25164
In base 7, what is -601242 + 41?
-601201
In base 16, what is -2 + -28fd?
-28ff
In base 2, what is -110 + 100110010110111?
100110010110001
In base 2, what is -1000100110 + -100000010100?
-101000111010
In base 10, what is 1 + -168531?
-168530
In base 13, what is -5cc + -95?
-694
In base 11, what is 199571 - 0?
199571
In base 7, what is 210 - 6512?
-6302
In base 3, what is 1010020222122 + -12?
1010020222110
In base 10, what is -80 + -2155?
-2235
In base 5, what is -43 + -114123?
-114221
In base 16, what is 72 + -414?
-3a2
In base 10, what is -15 + -135125?
-135140
In base 8, what is 27654 - -6?
27662
In base 14, what is -418b9 + 5?
-418b4
In base 4, what is 320300 - -20133?
1001033
In base 16, what is -919b - 5?
-91a0
In base 5, what is -4 + 14441300?
14441241
In base 6, what is 335 + -200341?
-200002
In base 10, what is 175 - 530?
-355
In base 5, what is 404 - 14200?
-13241
In base 2, what is 101 - 1110001110101?
-1110001110000
In base 14, what is -3c35 + -4?
-3c39
In base 4, what is -212222 - 10332?
-223220
In base 10, what is -6 - -24166?
24160
In base 13, what is -297c8 + 2?
-297c6
In base 5, what is -4141 - 303232?
-312423
In base 12, what is 289909 + -8?
289901
In base 16, what is 2 + 9c06?
9c08
In base 13, what is -1b + -1a51?
-1a6c
In base 2, what is -10100111001111 + 100111?
-10100110101000
In base 8, what is 1 - 1517547?
-1517546
In base 12, what is 1290 + -15?
1277
In base 5, what is 4220 + -103?
4112
In base 7, what is 2640525 - 1?
2640524
In base 12, what is 1367 + -b?
1358
In base 5, what is 211 + -100231?
-100020
In base 4, what is 1003102 - 3?
1003033
In base 15, what is 6b + -2929?
-28ad
In base 3, what is 12 + -210102011?
-210101222
In base 12, what is -4a99 - 4?
-4aa1
In base 9, what is 3 - 1047574?
-1047571
In base 9, what is -8717 - -60?
-8647
In base 14, what is -3cc72 + -4?
-3cc76
In base 12, what is b2aa - 5?
b2a5
In base 4, what is 1 - 3100?
-3033
In base 12, what is -3 - -5b3?
5b0
In base 7, what is -53136 - -624?
-52212
In base 10, what is -55 + 29948?
29893
In base 14, what is -6aad2 + 4?
-6aacc
In base 7, what is -5225 - 10?
-5235
In base 5, what is -1 - -1001102?
1001101
In base 2, what is -110 - 1001011011100101?
-1001011011101011
In base 14, what is 2a6 + -192?
114
In base 9, what is -63300 - -7?
-63282
In base 10, what is -3225 + -6?
-3231
In base 12, what is -13555 - -29?
-13528
In base 8, what is 24307 - -4?
24313
In base 15, what is -c + 25d05?
25ce8
In base 12, what is -ba2 - -22?
-b80
In base 4, what is -303130 - 0?
-303130
In base 11, what is -3 + -3aa65?
-3aa68
In base 13, what is -1 - -23a301?
23a300
In base 16, what is -1d35 + -30c?
-2041
In base 9, what is 3323 + -1?
3322
In base 3, what is 11 - -10000211001?
10000211012
In base 11, what is -a - 836a?
-8379
In base 14, what is 79 - -330b?
3386
In base 5, what is 3 + 1324133?
1324141
In base 7, what is -2123 - -41?
-2052
In base 15, what is 334 + -8d?
296
In b